{"id":13,"date":"2020-01-27T16:56:52","date_gmt":"2020-01-27T19:56:52","guid":{"rendered":"http:\/\/personal.cmm.uchile.cl\/jamaya\/?page_id=13"},"modified":"2020-01-27T17:12:44","modified_gmt":"2020-01-27T20:12:44","slug":"bio-breve","status":"publish","type":"page","link":"https:\/\/personal.cmm.uchile.cl\/jamaya\/es\/bio-breve\/","title":{"rendered":"Bio breve"},"content":{"rendered":"<p>Profesor de \u00c1lgebra Lineal y Optimizaci\u00f3n Matem\u00e1tica en la <a href=\"http:\/\/ingenieria.uchile.cl\" target=\"_blank\" rel=\"noopener noreferrer\">Escuela de Ingenier\u00eda<\/a> e investigador del <a href=\"http:\/\/www.cmm.uchile.cl\" target=\"_blank\" rel=\"noopener noreferrer\">Centro de Modelamiento Matem\u00e1tico (CMM)<\/a> de la Universidad de Chile.<\/p>\n<p>Es jefe del Laboratorio de Log\u00edstica y Producci\u00f3n (LPLab) del CMM, donde ha realizado numerosos proyectos de investigaci\u00f3n y desarrollo en el campo del modelamiento y aplicaci\u00f3n de las Matem\u00e1ticas a la industria. Ha publicado numerosas publicaciones cient\u00edficas en el campo de la Matem\u00e1tica Aplicada y la Investigaci\u00f3n Operativa, dos cap\u00edtulos de libros, numerosos informes t\u00e9cnicos de consultor\u00eda y m\u00e1s de 50 conferencias invitadas en congresos y seminarios internacionales.<\/p>\n<p>A partir de 2014 es editor asociado de la revista <a href=\"https:\/\/www.springer.com\/journal\/11750\" target=\"_blank\" rel=\"noopener noreferrer\">TOP<\/a> (revista oficial de la Sociedad Espa\u00f1ola de Estad\u00edstica e Investigaci\u00f3n Operativa). En los \u00faltimos diez a\u00f1os, ha dirigido varios proyectos sobre aplicaciones del modelamiento matem\u00e1tico y el desarrollo de software a problemas industriales y del mundo real, en diversos campos como la miner\u00eda, la energ\u00eda, la planificaci\u00f3n de la producci\u00f3n y la educaci\u00f3n, entre otros. En particular, tres de esos proyectos se han desarrollado en el contexto del Programa Marco de Investigaci\u00f3n e Innovaci\u00f3n de la UE (VI y VII).<\/p>\n<h3>Otras actividades<\/h3>\n<ul>\n<li>Miembro de diversas sociedades cient\u00edficas (<a href=\"https:\/\/somachi.cl\/\" target=\"_blank\" rel=\"noopener noreferrer\">Sociedad Matem\u00e1tica de Chile<\/a>, <a href=\"https:\/\/www.ichio.cl\/\" target=\"_blank\" rel=\"noopener noreferrer\">Instituto Chileno de Investigaci\u00f3n Operativa-ICHIO<\/a>, Association de Math\u00e9maticiens Appliqu\u00e9s Fran\u00e7ais et Chiliens, <a href=\"https:\/\/www.siam.org\/\" target=\"_blank\" rel=\"noopener noreferrer\">Society for Industrial and Applied Mathematics-SIAM<\/a>, <a href=\"http:\/\/www.seio.es\/\" target=\"_blank\" rel=\"noopener noreferrer\">Sociedad Espa\u00f1ola de Estad\u00edstica e Investigaci\u00f3n Operativa<\/a>).<\/li>\n<li>Revisor de proyectos y revistas: propuestas cient\u00edficas y t\u00e9cnicas para CONICYT, CORFO y otros organismos de financiaci\u00f3n.<\/li>\n<li>Editor asociado: <a href=\"https:\/\/www.springer.com\/journal\/11750\" target=\"_blank\" rel=\"noopener noreferrer\">TOP<\/a> &#8211; la revista oficial de la Sociedad Espa\u00f1ola de Estad\u00edstica e Investigaci\u00f3n Operativa, http:\/\/link.springer.com\/journal\/11750.<\/li>\n<\/ul>\n","protected":false},"excerpt":{"rendered":"<p>Profesor de \u00c1lgebra Lineal y Optimizaci\u00f3n Matem\u00e1tica en la Escuela de Ingenier\u00eda e investigador del Centro de Modelamiento Matem\u00e1tico (CMM) de la Universidad de Chile. Es jefe del Laboratorio de Log\u00edstica y Producci\u00f3n (LPLab) del CMM, donde ha realizado numerosos proyectos de investigaci\u00f3n y desarrollo en el campo del modelamiento y aplicaci\u00f3n de las Matem\u00e1ticas &hellip; <a href=\"https:\/\/personal.cmm.uchile.cl\/jamaya\/es\/bio-breve\/\" class=\"more-link\">Seguir leyendo <span class=\"screen-reader-text\">Bio breve<\/span> <span class=\"meta-nav\">&rarr;<\/span><\/a><\/p>\n","protected":false},"author":2,"featured_media":0,"parent":0,"menu_order":1,"comment_status":"closed","ping_status":"closed","template":"","meta":{"footnotes":""},"class_list":["post-13","page","type-page","status-publish","hentry"],"_links":{"self":[{"href":"https:\/\/personal.cmm.uchile.cl\/jamaya\/wp-json\/wp\/v2\/pages\/13","targetHints":{"allow":["GET"]}}],"collection":[{"href":"https:\/\/personal.cmm.uchile.cl\/jamaya\/wp-json\/wp\/v2\/pages"}],"about":[{"href":"https:\/\/personal.cmm.uchile.cl\/jamaya\/wp-json\/wp\/v2\/types\/page"}],"author":[{"embeddable":true,"href":"https:\/\/personal.cmm.uchile.cl\/jamaya\/wp-json\/wp\/v2\/users\/2"}],"replies":[{"embeddable":true,"href":"https:\/\/personal.cmm.uchile.cl\/jamaya\/wp-json\/wp\/v2\/comments?post=13"}],"version-history":[{"count":4,"href":"https:\/\/personal.cmm.uchile.cl\/jamaya\/wp-json\/wp\/v2\/pages\/13\/revisions"}],"predecessor-version":[{"id":21,"href":"https:\/\/personal.cmm.uchile.cl\/jamaya\/wp-json\/wp\/v2\/pages\/13\/revisions\/21"}],"wp:attachment":[{"href":"https:\/\/personal.cmm.uchile.cl\/jamaya\/wp-json\/wp\/v2\/media?parent=13"}],"curies":[{"name":"wp","href":"https:\/\/api.w.org\/{rel}","templated":true}]}}