{"id":251,"date":"2019-12-19T11:30:52","date_gmt":"2019-12-19T15:30:52","guid":{"rendered":"http:\/\/personal.cmm.uchile.cl\/axosses\/?page_id=251"},"modified":"2023-01-05T20:18:29","modified_gmt":"2023-01-06T00:18:29","slug":"acerca","status":"publish","type":"page","link":"https:\/\/personal.cmm.uchile.cl\/axosses\/es\/acerca\/","title":{"rendered":"Acerca de"},"content":{"rendered":"<h2><img loading=\"lazy\" decoding=\"async\" class=\"alignright size-full wp-image-37\" src=\"http:\/\/personal.cmm.uchile.cl\/axosses\/wp-content\/uploads\/sites\/2\/2019\/01\/osses_axel_pweb_01.jpg\" alt=\"Axel Osses\" width=\"300\" height=\"450\" srcset=\"https:\/\/personal.cmm.uchile.cl\/axosses\/wp-content\/uploads\/sites\/2\/2019\/01\/osses_axel_pweb_01.jpg 300w, https:\/\/personal.cmm.uchile.cl\/axosses\/wp-content\/uploads\/sites\/2\/2019\/01\/osses_axel_pweb_01-200x300.jpg 200w\" sizes=\"auto, (max-width: 300px) 100vw, 300px\" \/>Problemas Inversos, Control y Modelamiento en EDP<\/h2>\n<p>Mi investigaci\u00f3n est\u00e1 vinculada a problemas de control e inversi\u00f3n en ecuaciones diferenciales parciales. Actualmente hay un n\u00famero importante de j\u00f3venes investigadores trabajando en estos temas en instituciones de primer nivel en Chile. Es importante continuar atrayendo a j\u00f3venes investigadores con capacidades para innovar en la controlabilidad, los problemas inversos en EDP y sus aplicaciones en la regi\u00f3n. Me interesan las \u00e1reas de investigaci\u00f3n interdisciplinaria como Cambio Clim\u00e1tico y Resiliencia, Modelamiento de la Tierra, Biolog\u00eda, Medicina y Astronom\u00eda, y estoy convencido que nuestro avance cient\u00edfico es posible generando trabajo interdisciplinario entre grupos de alto nivel y activos.<\/p>\n<h2>Axel Osses<\/h2>\n<p>PhD en Matem\u00e1ticas Aplicadas, \u00c9cole Polytechnique, Francia<\/p>\n<p><strong>L\u00edneas de investigaci\u00f3n:<\/strong> Problemas inversos, teor\u00eda de control, modelamiento en EDP<\/p>\n<p><strong>Cargos actuales:<\/strong><\/p>\n<ul>\n<li>Profesor Titular en <a href=\"http:\/\/www.dim.uchile.cl\" target=\"_blank\" rel=\"noopener noreferrer\">Departmento de Ingenier\u00eda Matem\u00e1tica<\/a><\/li>\n<li>Investigador en el <a href=\"http:\/\/www.cmm.uchile.cl\" target=\"_blank\" rel=\"noopener noreferrer\">CMM Centro de Modelamiento Matem\u00e1tico<\/a><\/li>\n<li>Investigador en el <a href=\"http:\/\/www.cr2.cl\">Centro para Investigaci\u00f3n del Clima y la Resiliencia<\/a><\/li>\n<li>Member of <a href=\"https:\/\/www.acip.cl\/\">N\u00facleo Milenio en Problemas Inversos y de Control Aplicado<\/a><\/li>\n<li>Miembro de <a href=\"http:\/\/ingenieria.uchile.cl\/\" target=\"_blank\" rel=\"noopener noreferrer\">Facultad de Ciencias F\u00edsicas y Matem\u00e1ticas<\/a>, Universidad de Chile<\/li>\n<\/ul>\n<p><strong>Correo:<\/strong> axosses-at-dim-dot-uchile-dot-cl<\/p>\n<p><strong>Direcci\u00f3n postal:<\/strong> DIM\/CMM, U. de Chile, Beauchef 851, Edificio Norte, piso 5, Casilla 170\/3 Correo 3, Santiago, Chile.<\/p>\n<p><strong>Tel\u00e9fono:<\/strong> +56 2 2978 4443 (Secretar\u00eda)<br \/>\n+56 2 2978 4994 (Oficina)<\/p>\n<p>&nbsp;<\/p>\n","protected":false},"excerpt":{"rendered":"<p>Problemas Inversos, Control y Modelamiento en EDP Mi investigaci\u00f3n est\u00e1 vinculada a problemas de control e inversi\u00f3n en ecuaciones diferenciales parciales. Actualmente hay un n\u00famero importante de j\u00f3venes investigadores trabajando en estos temas en instituciones de primer nivel en Chile. Es importante continuar atrayendo a j\u00f3venes investigadores con capacidades para innovar en la controlabilidad, los &hellip; <a href=\"https:\/\/personal.cmm.uchile.cl\/axosses\/es\/acerca\/\" class=\"more-link\">Continue reading <span class=\"screen-reader-text\">Acerca de<\/span> <span class=\"meta-nav\">&rarr;<\/span><\/a><\/p>\n","protected":false},"author":2,"featured_media":0,"parent":0,"menu_order":0,"comment_status":"closed","ping_status":"closed","template":"","meta":{"footnotes":""},"class_list":["post-251","page","type-page","status-publish","hentry"],"_links":{"self":[{"href":"https:\/\/personal.cmm.uchile.cl\/axosses\/wp-json\/wp\/v2\/pages\/251","targetHints":{"allow":["GET"]}}],"collection":[{"href":"https:\/\/personal.cmm.uchile.cl\/axosses\/wp-json\/wp\/v2\/pages"}],"about":[{"href":"https:\/\/personal.cmm.uchile.cl\/axosses\/wp-json\/wp\/v2\/types\/page"}],"author":[{"embeddable":true,"href":"https:\/\/personal.cmm.uchile.cl\/axosses\/wp-json\/wp\/v2\/users\/2"}],"replies":[{"embeddable":true,"href":"https:\/\/personal.cmm.uchile.cl\/axosses\/wp-json\/wp\/v2\/comments?post=251"}],"version-history":[{"count":10,"href":"https:\/\/personal.cmm.uchile.cl\/axosses\/wp-json\/wp\/v2\/pages\/251\/revisions"}],"predecessor-version":[{"id":366,"href":"https:\/\/personal.cmm.uchile.cl\/axosses\/wp-json\/wp\/v2\/pages\/251\/revisions\/366"}],"wp:attachment":[{"href":"https:\/\/personal.cmm.uchile.cl\/axosses\/wp-json\/wp\/v2\/media?parent=251"}],"curies":[{"name":"wp","href":"https:\/\/api.w.org\/{rel}","templated":true}]}}