{"id":142,"date":"2019-12-11T22:07:06","date_gmt":"2019-12-12T02:07:06","guid":{"rendered":"http:\/\/personal.cmm.uchile.cl\/axosses\/?page_id=142"},"modified":"2022-04-19T22:47:45","modified_gmt":"2022-04-20T02:47:45","slug":"realces","status":"publish","type":"page","link":"https:\/\/personal.cmm.uchile.cl\/axosses\/es\/realces\/","title":{"rendered":"Destacados"},"content":{"rendered":"<h3><strong>Detecci\u00f3n no invasiva de una v\u00e1lvula cardiaca<\/strong><\/h3>\n<p>(primera imagen) por un m\u00e9todo de permeabilidad equivalente (segunda imagen) por recuperaci\u00f3n de la velocidad de la sangre (tercera imagen) a partir de datos de resonancia magn\u00e9tica (\u00faltima imagen).<\/p>\n<p><a href=\"http:\/\/personal.cmm.uchile.cl\/axosses\/wp-content\/uploads\/sites\/2\/2022\/04\/Captura-de-Pantalla-2022-04-19-a-las-21.35.03.png\"><img loading=\"lazy\" decoding=\"async\" class=\"alignnone size-full wp-image-337\" src=\"http:\/\/personal.cmm.uchile.cl\/axosses\/wp-content\/uploads\/sites\/2\/2022\/04\/Captura-de-Pantalla-2022-04-19-a-las-21.35.03.png\" alt=\"\" width=\"2688\" height=\"1090\" srcset=\"https:\/\/personal.cmm.uchile.cl\/axosses\/wp-content\/uploads\/sites\/2\/2022\/04\/Captura-de-Pantalla-2022-04-19-a-las-21.35.03.png 2688w, https:\/\/personal.cmm.uchile.cl\/axosses\/wp-content\/uploads\/sites\/2\/2022\/04\/Captura-de-Pantalla-2022-04-19-a-las-21.35.03-300x122.png 300w, https:\/\/personal.cmm.uchile.cl\/axosses\/wp-content\/uploads\/sites\/2\/2022\/04\/Captura-de-Pantalla-2022-04-19-a-las-21.35.03-1024x415.png 1024w, https:\/\/personal.cmm.uchile.cl\/axosses\/wp-content\/uploads\/sites\/2\/2022\/04\/Captura-de-Pantalla-2022-04-19-a-las-21.35.03-768x311.png 768w, https:\/\/personal.cmm.uchile.cl\/axosses\/wp-content\/uploads\/sites\/2\/2022\/04\/Captura-de-Pantalla-2022-04-19-a-las-21.35.03-1536x623.png 1536w, https:\/\/personal.cmm.uchile.cl\/axosses\/wp-content\/uploads\/sites\/2\/2022\/04\/Captura-de-Pantalla-2022-04-19-a-las-21.35.03-2048x830.png 2048w\" sizes=\"auto, (max-width: 2688px) 100vw, 2688px\" \/><\/a><\/p>\n<p>Referencia: J. Aguayo, A. Osses, C. Bertoglio. A distributed resistance inverse method for flow obstacle identification from internal velocity measurements. Inverse Problems 37(2), 2021. DOI: <a href=\"https:\/\/doi.org\/10.1088\/1361-6420\/abced8\">10.1088\/1361-6420\/abced8<\/a><\/p>\n<h3><strong>Artefactos en elastograf\u00eda por resonancia magn\u00e9tica. <\/strong><\/h3>\n<p>En la medici\u00f3n original de la elastograf\u00eda por RM (panel superior izquierdo), el campo de ondas presenta algunos artefactos (los cambios repentinos de claro a oscuro y viceversa). Con nuestro nuevo enfoque (panel superior derecho) estos artefactos ya no est\u00e1n presentes. Estos campos de onda pueden convertirse en mapas de rigidez o &#8220;elastogramas&#8221; (paneles inferiores). El elastograma que utiliza la medici\u00f3n original muestra tejido donde no est\u00e1 realmente presente (flechas rojas), como puede verse en los elastogramas realizados con nuestro m\u00e9todo mejorado.<\/p>\n<p><a href=\"http:\/\/personal.cmm.uchile.cl\/axosses\/wp-content\/uploads\/sites\/2\/2022\/04\/Picture-1.png\"><img loading=\"lazy\" decoding=\"async\" class=\"alignnone size-full wp-image-335\" src=\"http:\/\/personal.cmm.uchile.cl\/axosses\/wp-content\/uploads\/sites\/2\/2022\/04\/Picture-1.png\" alt=\"\" width=\"1137\" height=\"883\" srcset=\"https:\/\/personal.cmm.uchile.cl\/axosses\/wp-content\/uploads\/sites\/2\/2022\/04\/Picture-1.png 1137w, https:\/\/personal.cmm.uchile.cl\/axosses\/wp-content\/uploads\/sites\/2\/2022\/04\/Picture-1-300x233.png 300w, https:\/\/personal.cmm.uchile.cl\/axosses\/wp-content\/uploads\/sites\/2\/2022\/04\/Picture-1-1024x795.png 1024w, https:\/\/personal.cmm.uchile.cl\/axosses\/wp-content\/uploads\/sites\/2\/2022\/04\/Picture-1-768x596.png 768w\" sizes=\"auto, (max-width: 1137px) 100vw, 1137px\" \/><\/a><\/p>\n<div class=\"page\" title=\"Page 3\">\n<div class=\"layoutArea\">\n<div class=\"column\">\n<p>Referencia: H. Herthum, H. Carrillo, A. Osses, S. Uribe, I. Sack, C. Bertoglio. Optimal multiple motion encoding (OMME) in Phase-Contrast MRI. Medical Image Analysis, 78, 102416, 2022 DOI: <a href=\"https:\/\/doi.org\/10.1016\/j.media.2022.102416\">10.1016\/j.media.2022.102416<\/a><\/p>\n<\/div>\n<\/div>\n<\/div>\n<h3><strong>Contribuci\u00f3n que mezcla control a cero y problemas inversos<\/strong><\/h3>\n<p>Este trabajo combina t\u00e9cnicas de control a cero y problemas inversos de manera original, una muestra de que ambas disciplinas se pueden combinar para dar respuesta a problemas inversos de recuperaci\u00f3n de fuentes, en este caso de fuentes de calor. Este trabajo tiene aplicaciones en termograf\u00eda en ingenier\u00eda, medicina y en problemas de difusi\u00f3n de contaminantes.<\/p>\n<p><img loading=\"lazy\" decoding=\"async\" class=\"wp-image-177 aligncenter\" src=\"http:\/\/personal.cmm.uchile.cl\/axosses\/wp-content\/uploads\/sites\/2\/2019\/12\/2019-12-12-00.17.38.png\" alt=\"\" width=\"533\" height=\"574\" srcset=\"https:\/\/personal.cmm.uchile.cl\/axosses\/wp-content\/uploads\/sites\/2\/2019\/12\/2019-12-12-00.17.38.png 1440w, https:\/\/personal.cmm.uchile.cl\/axosses\/wp-content\/uploads\/sites\/2\/2019\/12\/2019-12-12-00.17.38-279x300.png 279w, https:\/\/personal.cmm.uchile.cl\/axosses\/wp-content\/uploads\/sites\/2\/2019\/12\/2019-12-12-00.17.38-951x1024.png 951w, https:\/\/personal.cmm.uchile.cl\/axosses\/wp-content\/uploads\/sites\/2\/2019\/12\/2019-12-12-00.17.38-768x827.png 768w, https:\/\/personal.cmm.uchile.cl\/axosses\/wp-content\/uploads\/sites\/2\/2019\/12\/2019-12-12-00.17.38-1427x1536.png 1427w\" sizes=\"auto, (max-width: 533px) 100vw, 533px\" \/><\/p>\n<p>Referencias: <em>Una f\u00f3rmula de reconstrucci\u00f3n de fuente a partir de mediciones internas \u00fanicas utilizando una familia de controles nulos<\/em> <a href=\"https:\/\/doi.org\/10.1088\/1361-6420\/aa863f\">[1]<\/a> <a href=\"https:\/\/doi.org\/10.1515\/jip-2011-0001\">[2]<\/a><\/p>\n<p>Consideramos el problema inverso de determinar la dependencia espacial del t\u00e9rmino fuente en una ecuaci\u00f3n de calor \/ Stokes, con dependencia temporal conocida, a partir de una sola medici\u00f3n interna de la soluci\u00f3n. Establecemos una f\u00f3rmula de reconstrucci\u00f3n asociada a una familia de controles exactos. Realizamos simulaciones num\u00e9ricas para ilustrar la viabilidad, precisi\u00f3n y estabilidad de la f\u00f3rmula de reconstrucci\u00f3n propuesta.<\/p>\n<h3><strong>Aplicaciones relevantes de problemas inversos a medicina<\/strong><\/h3>\n<p>Un m\u00e9todo inverso original para aprovechar toda la informaci\u00f3n recogida en medicina nuclear y poder generar mapas de atenuaci\u00f3n sin necesidad de someter al paciente a radiaci\u00f3n adicional a trav\u00e9s de un CT (Rayos X). Este m\u00e9todo es implementable en la pr\u00e1ctica a partir de los datos recogidos.<\/p>\n<p><img loading=\"lazy\" decoding=\"async\" class=\"wp-image-175 aligncenter\" src=\"http:\/\/personal.cmm.uchile.cl\/axosses\/wp-content\/uploads\/sites\/2\/2019\/12\/2019-12-12-00.14.11.png\" alt=\"\" width=\"507\" height=\"216\" srcset=\"https:\/\/personal.cmm.uchile.cl\/axosses\/wp-content\/uploads\/sites\/2\/2019\/12\/2019-12-12-00.14.11.png 1546w, https:\/\/personal.cmm.uchile.cl\/axosses\/wp-content\/uploads\/sites\/2\/2019\/12\/2019-12-12-00.14.11-300x128.png 300w, https:\/\/personal.cmm.uchile.cl\/axosses\/wp-content\/uploads\/sites\/2\/2019\/12\/2019-12-12-00.14.11-1024x436.png 1024w, https:\/\/personal.cmm.uchile.cl\/axosses\/wp-content\/uploads\/sites\/2\/2019\/12\/2019-12-12-00.14.11-768x327.png 768w, https:\/\/personal.cmm.uchile.cl\/axosses\/wp-content\/uploads\/sites\/2\/2019\/12\/2019-12-12-00.14.11-1536x654.png 1536w\" sizes=\"auto, (max-width: 507px) 100vw, 507px\" \/><img loading=\"lazy\" decoding=\"async\" class=\"wp-image-176 aligncenter\" src=\"http:\/\/personal.cmm.uchile.cl\/axosses\/wp-content\/uploads\/sites\/2\/2019\/12\/2019-12-12-00.13.35.png\" alt=\"\" width=\"517\" height=\"472\" srcset=\"https:\/\/personal.cmm.uchile.cl\/axosses\/wp-content\/uploads\/sites\/2\/2019\/12\/2019-12-12-00.13.35.png 1500w, https:\/\/personal.cmm.uchile.cl\/axosses\/wp-content\/uploads\/sites\/2\/2019\/12\/2019-12-12-00.13.35-300x274.png 300w, https:\/\/personal.cmm.uchile.cl\/axosses\/wp-content\/uploads\/sites\/2\/2019\/12\/2019-12-12-00.13.35-1024x934.png 1024w, https:\/\/personal.cmm.uchile.cl\/axosses\/wp-content\/uploads\/sites\/2\/2019\/12\/2019-12-12-00.13.35-768x700.png 768w\" sizes=\"auto, (max-width: 517px) 100vw, 517px\" \/><\/p>\n<p>Referencias: <em>Reconstrucci\u00f3n algebraica\/simult\u00e1nea de fuente y atenuaci\u00f3n en SPECT usando datos bal\u00edsticos y de primera dispersi\u00f3n<\/em> <a href=\"https:\/\/doi.org\/10.1007\/978-3-319-70824-9_3\">[1]<\/a> <a href=\"https:\/\/doi.org\/10.1088\/0266-5611\/31\/9\/095002\">[2]<\/a><\/p>\n<p>Presentamos una t\u00e9cnica de reconstrucci\u00f3n algebraica (ART) para resolver el problema de identificaci\u00f3n en tomograf\u00eda computarizada por emisi\u00f3n de fotones (SPECT). La reconstrucci\u00f3n tradicional se realiza al encontrar la fuente de radiaci\u00f3n, sin embargo, la atenuaci\u00f3n del tejido circundante afecta los datos. En este contexto, la informaci\u00f3n bal\u00edstica y de primera dispersi\u00f3n se utilizan para recuperar la fuente y la atenuaci\u00f3n simult\u00e1neamente. Se considera una dependencia de tipo angular de Klein-Nishina para la dispersi\u00f3n. El algoritmo ART propuesto nos permite obtener buenas reconstrucciones de ambos objetos en pocas iteraciones.<\/p>\n<p>Mencionamos tambi\u00e9n dos rabajos 1) la modelaci\u00f3n directa e inversa de la microscop\u00eda por planos l\u00e1ser y 2) nuevos m\u00e9todos de desenrollar la se\u00f1al velocidad\/desplazamiento por MRI lo que resulta \u00fatil para la detecci\u00f3n no invasiva de presi\u00f3n en arterias.<\/p>\n<p><a href=\"http:\/\/personal.cmm.uchile.cl\/axosses\/wp-content\/uploads\/sites\/2\/2019\/12\/2019-12-12-13.44.52.png\"><img loading=\"lazy\" decoding=\"async\" class=\"wp-image-230 aligncenter\" src=\"http:\/\/personal.cmm.uchile.cl\/axosses\/wp-content\/uploads\/sites\/2\/2019\/12\/2019-12-12-13.44.52.png\" alt=\"\" width=\"412\" height=\"425\" srcset=\"https:\/\/personal.cmm.uchile.cl\/axosses\/wp-content\/uploads\/sites\/2\/2019\/12\/2019-12-12-13.44.52.png 1504w, https:\/\/personal.cmm.uchile.cl\/axosses\/wp-content\/uploads\/sites\/2\/2019\/12\/2019-12-12-13.44.52-291x300.png 291w, https:\/\/personal.cmm.uchile.cl\/axosses\/wp-content\/uploads\/sites\/2\/2019\/12\/2019-12-12-13.44.52-994x1024.png 994w, https:\/\/personal.cmm.uchile.cl\/axosses\/wp-content\/uploads\/sites\/2\/2019\/12\/2019-12-12-13.44.52-768x791.png 768w, https:\/\/personal.cmm.uchile.cl\/axosses\/wp-content\/uploads\/sites\/2\/2019\/12\/2019-12-12-13.44.52-1490x1536.png 1490w\" sizes=\"auto, (max-width: 412px) 100vw, 412px\" \/><\/a><a href=\"http:\/\/personal.cmm.uchile.cl\/axosses\/wp-content\/uploads\/sites\/2\/2019\/12\/2019-12-12-13.46.09.png\"><img loading=\"lazy\" decoding=\"async\" class=\"wp-image-231 aligncenter\" src=\"http:\/\/personal.cmm.uchile.cl\/axosses\/wp-content\/uploads\/sites\/2\/2019\/12\/2019-12-12-13.46.09.png\" alt=\"\" width=\"398\" height=\"466\" srcset=\"https:\/\/personal.cmm.uchile.cl\/axosses\/wp-content\/uploads\/sites\/2\/2019\/12\/2019-12-12-13.46.09.png 1012w, https:\/\/personal.cmm.uchile.cl\/axosses\/wp-content\/uploads\/sites\/2\/2019\/12\/2019-12-12-13.46.09-256x300.png 256w, https:\/\/personal.cmm.uchile.cl\/axosses\/wp-content\/uploads\/sites\/2\/2019\/12\/2019-12-12-13.46.09-874x1024.png 874w, https:\/\/personal.cmm.uchile.cl\/axosses\/wp-content\/uploads\/sites\/2\/2019\/12\/2019-12-12-13.46.09-768x900.png 768w\" sizes=\"auto, (max-width: 398px) 100vw, 398px\" \/><\/a><\/p>\n<p>Referencias: <em>microscop\u00eda por planos l\u00e1ser<\/em> <a href=\"https:\/\/arxiv.org\/abs\/1909.04174\">[1]<\/a> (preprint) y <em>desenrollando la se\u00f1an velocidad\/ddesplazamiento MRI y la estimaci\u00f3n de presi\u00f3n<\/em> <a href=\"http:\/\/doi.org\/10.1109\/TMI.2018.2882553\">[1]<\/a> <a href=\"http:\/\/doi.org\/10.1002\/cnm.2925\">[2]<\/a><\/p>\n<h3><strong>Aplicaci\u00f3n relevante de problemas inversos a astronom\u00eda<\/strong><\/h3>\n<p>Este problema inverso involucra la estimaci\u00f3n de par\u00e1metros en una ecuaci\u00f3n del calor no lineal y es un m\u00e9todo original desarrollado por los autores que podr\u00eda tener repercusiones en la estimaci\u00f3n de la masa de discos protoplanetarios y otros objetos astron\u00f3micos.<\/p>\n<p><img loading=\"lazy\" decoding=\"async\" class=\"wp-image-171 aligncenter\" src=\"http:\/\/personal.cmm.uchile.cl\/axosses\/wp-content\/uploads\/sites\/2\/2019\/12\/marinoetal-1412-4632_f1.jpg\" alt=\"\" width=\"389\" height=\"290\" srcset=\"https:\/\/personal.cmm.uchile.cl\/axosses\/wp-content\/uploads\/sites\/2\/2019\/12\/marinoetal-1412-4632_f1.jpg 1024w, https:\/\/personal.cmm.uchile.cl\/axosses\/wp-content\/uploads\/sites\/2\/2019\/12\/marinoetal-1412-4632_f1-300x224.jpg 300w, https:\/\/personal.cmm.uchile.cl\/axosses\/wp-content\/uploads\/sites\/2\/2019\/12\/marinoetal-1412-4632_f1-768x573.jpg 768w\" sizes=\"auto, (max-width: 389px) 100vw, 389px\" \/>\u00a0<img loading=\"lazy\" decoding=\"async\" class=\" wp-image-172 aligncenter\" src=\"http:\/\/personal.cmm.uchile.cl\/axosses\/wp-content\/uploads\/sites\/2\/2019\/12\/2019-12-12-00.01.07.png\" alt=\"\" width=\"511\" height=\"427\" srcset=\"https:\/\/personal.cmm.uchile.cl\/axosses\/wp-content\/uploads\/sites\/2\/2019\/12\/2019-12-12-00.01.07.png 1620w, https:\/\/personal.cmm.uchile.cl\/axosses\/wp-content\/uploads\/sites\/2\/2019\/12\/2019-12-12-00.01.07-300x251.png 300w, https:\/\/personal.cmm.uchile.cl\/axosses\/wp-content\/uploads\/sites\/2\/2019\/12\/2019-12-12-00.01.07-1024x856.png 1024w, https:\/\/personal.cmm.uchile.cl\/axosses\/wp-content\/uploads\/sites\/2\/2019\/12\/2019-12-12-00.01.07-768x642.png 768w, https:\/\/personal.cmm.uchile.cl\/axosses\/wp-content\/uploads\/sites\/2\/2019\/12\/2019-12-12-00.01.07-1536x1284.png 1536w\" sizes=\"auto, (max-width: 511px) 100vw, 511px\" \/><\/p>\n<p>Referencia: <em>Enfriamiento en la sombra de discos de transici\u00f3n obl\u00edcuos <\/em><a href=\"https:\/\/academic.oup.com\/gji\/article\/182\/1\/97\/564627\">[1]<\/a> <a href=\"https:\/\/arxiver.wordpress.com\/2014\/12\/16\/shadows-cast-by-a-warp-in-the-hd-142527-protoplanetary-disk-epa\/\">[2]<\/a><\/p>\n<p>La masa del reservorio gaseoso en los discos circunestelares j\u00f3venes es una condici\u00f3n inicial crucial para la formaci\u00f3n de sistemas planetarios, pero las estimaciones var\u00edan en \u00f3rdenes de magnitud. En algunos discos con cavidades resolubles, el disco interno proyecta sombras de dos lados en los anillos externos; \u00bfPuede el enfriamiento del gas cuando cruza las sombras traer restricciones a su masa?<\/p>\n<h3><strong>Aplicaci\u00f3n relevante de problemas inversos a la geof\u00edsica<\/strong><\/h3>\n<p>Una serie de mis art\u00edculos m\u00e1s citados (85 citas Scholar Google). Introducimos un nuevo modelo de flexura litosf\u00e9rica tridimensional y una estimaci\u00f3n del espesor de la placa de Nazca en una zona compleja.<\/p>\n<p><img loading=\"lazy\" decoding=\"async\" class=\"wp-image-173 aligncenter\" src=\"http:\/\/personal.cmm.uchile.cl\/axosses\/wp-content\/uploads\/sites\/2\/2019\/12\/2019-12-12-00.08.03.png\" alt=\"\" width=\"428\" height=\"418\" srcset=\"https:\/\/personal.cmm.uchile.cl\/axosses\/wp-content\/uploads\/sites\/2\/2019\/12\/2019-12-12-00.08.03.png 900w, https:\/\/personal.cmm.uchile.cl\/axosses\/wp-content\/uploads\/sites\/2\/2019\/12\/2019-12-12-00.08.03-300x293.png 300w, https:\/\/personal.cmm.uchile.cl\/axosses\/wp-content\/uploads\/sites\/2\/2019\/12\/2019-12-12-00.08.03-768x749.png 768w\" sizes=\"auto, (max-width: 428px) 100vw, 428px\" \/><img loading=\"lazy\" decoding=\"async\" class=\"wp-image-174 aligncenter\" src=\"http:\/\/personal.cmm.uchile.cl\/axosses\/wp-content\/uploads\/sites\/2\/2019\/12\/2019-12-12-00.07.08.png\" alt=\"\" width=\"573\" height=\"405\" srcset=\"https:\/\/personal.cmm.uchile.cl\/axosses\/wp-content\/uploads\/sites\/2\/2019\/12\/2019-12-12-00.07.08.png 2248w, https:\/\/personal.cmm.uchile.cl\/axosses\/wp-content\/uploads\/sites\/2\/2019\/12\/2019-12-12-00.07.08-300x212.png 300w, https:\/\/personal.cmm.uchile.cl\/axosses\/wp-content\/uploads\/sites\/2\/2019\/12\/2019-12-12-00.07.08-1024x723.png 1024w, https:\/\/personal.cmm.uchile.cl\/axosses\/wp-content\/uploads\/sites\/2\/2019\/12\/2019-12-12-00.07.08-768x543.png 768w, https:\/\/personal.cmm.uchile.cl\/axosses\/wp-content\/uploads\/sites\/2\/2019\/12\/2019-12-12-00.07.08-1536x1085.png 1536w, https:\/\/personal.cmm.uchile.cl\/axosses\/wp-content\/uploads\/sites\/2\/2019\/12\/2019-12-12-00.07.08-2048x1447.png 2048w\" sizes=\"auto, (max-width: 573px) 100vw, 573px\" \/><\/p>\n<p>Referencias: <em>Modelado de la flexi\u00f3n tridimensional litosf\u00e9rica de la placa oce\u00e1nica de Nazca utilizando un espesor el\u00e1stico variable<\/em> <a href=\"https:\/\/doi.org\/10.1093\/gji\/ggt464\">[1]<\/a> <a href=\"https:\/\/academic.oup.com\/gji\/article\/182\/1\/97\/564627\">[2]<\/a> <a href=\"https:\/\/doi.org\/10.1088\/0266-5611\/29\/7\/075009\">[3]<\/a><\/p>\n<p>Cuando la litosfera se model\u00f3 como una placa delgada, el par\u00e1metro m\u00e1s importante corresponde a su rigidez a la flexi\u00f3n, que com\u00fanmente se expresa a trav\u00e9s del espesor el\u00e1stico efectivo, Te. Los modelos tridimensionales realistas de la respuesta a la flexi\u00f3n de la litosfera cerca de la trinchera son escasos debido a la complejidad matem\u00e1tica y computacional. Presentamos un m\u00e9todo para determinar la flexi\u00f3n de la litosfera causada por el efecto combinado de la carga submarina tridimensional y la flexi\u00f3n de la litosfera cerca de la zanja. Nuestro m\u00e9todo consiste en resolver num\u00e9ricamente las ecuaciones de flexi\u00f3n de la teor\u00eda de placas delgadas de Reissner &#8211; Mindlin, incluido el espesor variable, utilizando el m\u00e9todo de elementos finitos con adaptaci\u00f3n de malla. El m\u00e9todo se aplic\u00f3 para estudiar la flexi\u00f3n de la litosfera oce\u00e1nica de Nazca debajo del grupo de monta\u00f1as submarinas O&#8217;Higgins que se encuentra a unos 70 km hacia el mar de la trinchera de Chile.<\/p>\n<h3><strong>Aplicaci\u00f3n relevante de problemas inversos a redes de observaci\u00f3n de la calidad del aire<\/strong><\/h3>\n<p>Las redes de calidad del aire necesitan revisi\u00f3n y optimizaci\u00f3n a medida que los instrumentos y los requisitos de la red, tanto cient\u00edficos como sociales, evolucionan con el tiempo. Evaluar y optimizar el contenido de la informaci\u00f3n de una red de monitoreo es un problema no trivial.<\/p>\n<p><img loading=\"lazy\" decoding=\"async\" class=\"alignnone wp-image-186\" src=\"http:\/\/personal.cmm.uchile.cl\/axosses\/wp-content\/uploads\/sites\/2\/2019\/12\/2019-12-12-01.00.54-scaled.png\" alt=\"\" width=\"663\" height=\"327\" srcset=\"https:\/\/personal.cmm.uchile.cl\/axosses\/wp-content\/uploads\/sites\/2\/2019\/12\/2019-12-12-01.00.54-scaled.png 2560w, https:\/\/personal.cmm.uchile.cl\/axosses\/wp-content\/uploads\/sites\/2\/2019\/12\/2019-12-12-01.00.54-300x148.png 300w, https:\/\/personal.cmm.uchile.cl\/axosses\/wp-content\/uploads\/sites\/2\/2019\/12\/2019-12-12-01.00.54-1024x505.png 1024w, https:\/\/personal.cmm.uchile.cl\/axosses\/wp-content\/uploads\/sites\/2\/2019\/12\/2019-12-12-01.00.54-768x379.png 768w, https:\/\/personal.cmm.uchile.cl\/axosses\/wp-content\/uploads\/sites\/2\/2019\/12\/2019-12-12-01.00.54-1536x757.png 1536w, https:\/\/personal.cmm.uchile.cl\/axosses\/wp-content\/uploads\/sites\/2\/2019\/12\/2019-12-12-01.00.54-2048x1010.png 2048w\" sizes=\"auto, (max-width: 663px) 100vw, 663px\" \/><\/p>\n<p><img loading=\"lazy\" decoding=\"async\" class=\"wp-image-193 aligncenter\" src=\"http:\/\/personal.cmm.uchile.cl\/axosses\/wp-content\/uploads\/sites\/2\/2019\/12\/2019-12-12-01.22.57.png\" alt=\"\" width=\"488\" height=\"347\" srcset=\"https:\/\/personal.cmm.uchile.cl\/axosses\/wp-content\/uploads\/sites\/2\/2019\/12\/2019-12-12-01.22.57.png 1762w, https:\/\/personal.cmm.uchile.cl\/axosses\/wp-content\/uploads\/sites\/2\/2019\/12\/2019-12-12-01.22.57-300x213.png 300w, https:\/\/personal.cmm.uchile.cl\/axosses\/wp-content\/uploads\/sites\/2\/2019\/12\/2019-12-12-01.22.57-1024x728.png 1024w, https:\/\/personal.cmm.uchile.cl\/axosses\/wp-content\/uploads\/sites\/2\/2019\/12\/2019-12-12-01.22.57-768x546.png 768w, https:\/\/personal.cmm.uchile.cl\/axosses\/wp-content\/uploads\/sites\/2\/2019\/12\/2019-12-12-01.22.57-1536x1091.png 1536w\" sizes=\"auto, (max-width: 488px) 100vw, 488px\" \/>Referencias: <em>Dise\u00f1o de redes de monitoreo ambiental estad\u00edstico y variacional<\/em> <a href=\"http:\/\/doi.org\/10.3402\/tellusb.v65i0.19822\">[1]<\/a> <a href=\"http:\/\/doi.org\/10.3402\/tellusb.v67.25385\">[2]<\/a> <a href=\"https:\/\/doi.org\/10.1016\/j.atmosenv.2011.02.001\">[3]<\/a><\/p>\n<p>Introducimos una metodolog\u00eda formulada en un marco variacional que utiliza un modelo de calidad del aire para simular la dispersi\u00f3n de mon\u00f3xido de carbono (CO) como un marcador pasivo a escala de ciudad. Abordamos el caso espec\u00edfico de agregar o quitar estaciones, y la situaci\u00f3n m\u00e1s general de distribuir de manera \u00f3ptima un n\u00famero determinado de estaciones en un dominio teniendo en cuenta los patrones de transporte y factores espaciales como la densidad de poblaci\u00f3n y los patrones de emisi\u00f3n.<\/p>\n","protected":false},"excerpt":{"rendered":"<p>Detecci\u00f3n no invasiva de una v\u00e1lvula cardiaca (primera imagen) por un m\u00e9todo de permeabilidad equivalente (segunda imagen) por recuperaci\u00f3n de la velocidad de la sangre (tercera imagen) a partir de datos de resonancia magn\u00e9tica (\u00faltima imagen). Referencia: J. Aguayo, A. Osses, C. Bertoglio. A distributed resistance inverse method for flow obstacle identification from internal velocity &hellip; <a href=\"https:\/\/personal.cmm.uchile.cl\/axosses\/es\/realces\/\" class=\"more-link\">Continue reading <span class=\"screen-reader-text\">Destacados<\/span> <span class=\"meta-nav\">&rarr;<\/span><\/a><\/p>\n","protected":false},"author":5,"featured_media":0,"parent":0,"menu_order":2,"comment_status":"closed","ping_status":"closed","template":"","meta":{"footnotes":""},"class_list":["post-142","page","type-page","status-publish","hentry"],"_links":{"self":[{"href":"https:\/\/personal.cmm.uchile.cl\/axosses\/wp-json\/wp\/v2\/pages\/142","targetHints":{"allow":["GET"]}}],"collection":[{"href":"https:\/\/personal.cmm.uchile.cl\/axosses\/wp-json\/wp\/v2\/pages"}],"about":[{"href":"https:\/\/personal.cmm.uchile.cl\/axosses\/wp-json\/wp\/v2\/types\/page"}],"author":[{"embeddable":true,"href":"https:\/\/personal.cmm.uchile.cl\/axosses\/wp-json\/wp\/v2\/users\/5"}],"replies":[{"embeddable":true,"href":"https:\/\/personal.cmm.uchile.cl\/axosses\/wp-json\/wp\/v2\/comments?post=142"}],"version-history":[{"count":23,"href":"https:\/\/personal.cmm.uchile.cl\/axosses\/wp-json\/wp\/v2\/pages\/142\/revisions"}],"predecessor-version":[{"id":338,"href":"https:\/\/personal.cmm.uchile.cl\/axosses\/wp-json\/wp\/v2\/pages\/142\/revisions\/338"}],"wp:attachment":[{"href":"https:\/\/personal.cmm.uchile.cl\/axosses\/wp-json\/wp\/v2\/media?parent=142"}],"curies":[{"name":"wp","href":"https:\/\/api.w.org\/{rel}","templated":true}]}}